tors of q?
47
Suppose -6*u + 70 = -u. Let m be 38 - 0 - (-4 + 7). Let v = m - u. List the prime factors of v.
3, 7
Let l be (40/(-5))/(-1 - 1). Suppose q = -2*f - 0*f + 77, -3*f = l*q - 328. List the prime factors of q.
5, 17
Let b(l) = -5*l + 2*l**3 + 16 - 26 + 18 + 3*l**2. List the prime factors of b(3).
2, 37
Suppose 0 = -49*h + 147109 + 71186. List the prime factors of h.
3, 5, 11
Suppose 21*h + 73512 = 45*h. List the prime factors of h.
3, 1021
Suppose 0 = 3*j + 2*f - 6785, -3*j - 4*f + 1194 = -5587. List the prime factors of j.
31, 73
Let i = -136 + 626. List the prime factors of i.
2, 5, 7
Let a(i) = i + 11. Let y be a(-5). Suppose -d = -y*d + 1150. List the prime factors of d.
2, 5, 23
Let z(f) be the second derivative of -f**6/144 + f**5/30 + f**4/3 + 4*f. Let c(u) be the third derivative of z(u). What are the prime factors of c(-3)?
19
Let m be 9/(-3)*5*-1. Suppose -5*k - 102 = -0*t - 4*t, 3*t + 5*k = 94. Let o = t - m. What are the prime factors of o?
13
Let m be (-2262)/(-27) + (-8)/(-36). Suppose -n - m = -8*n. What are the prime factors of n?
2, 3
Suppose 2*x - 611 + 23 = n, x + 2*n - 294 = 0. Suppose 0 = -5*d + 476 + x. List the prime factors of d.
2, 7, 11
Suppose -2*y - 2*y = 140. What are the prime factors of 14*((-10)/y)/(8/98)?
7
Suppose 2*x + 10 + 10 = 0. What are the prime factors of (-8)/x*(66 + 4)?
2, 7
Suppose 11*l - 10*l = 4. Suppose -w - 4*n = 2*w - 190, -l*w = 5*n - 254. List the prime factors of w.
2, 3, 11
Suppose -5*l + 5*n + 1820 = 0, 0*l - 5*n = 2*l - 763. What are the prime factors of l?
3, 41
Let s(x) = 47*x**2 + 15*x - 5. List the prime factors of s(-4).
3, 229
Suppose 6*b - 9*b + 9 = 0. What are the prime factors of ((-540)/8)/(b/(-4))?
2, 3, 5
Let u be (1 - -2)*(-3)/9. Let i be -3 + 4 + 8 + u. Suppose c - i = -c. What are the prime factors of c?
2
Let l(x) be the third derivative of -x**6/120 - x**5/30 - 5*x**4/24 - x**3/6 - 3*x**2. Suppose 2*p = -13 + 5. What are the prime factors of l(p)?
3, 17
Let b(h) = -3*h - 3. Let i be b(-2). Suppose -i*r - 22 = -7. What are the prime factors of (6/r)/((-18)/45)?
3
Let l(p) = 135*p - 188. What are the prime factors of l(12)?
2, 179
List the prime factors of 1616 + ((-3)/(-12))/((-16)/448).
1609
Let l be (-1*1)/((-11)/22). What are the prime factors of (4/l)/((-1)/(-7))?
2, 7
Suppose 0 = x + 8*x - 1134. What are the prime factors of x?
2, 3, 7
Suppose 2*h = 4*h - 6. Let a(s) = 14*s - 9. Let i be a(1). Suppose l + i*y = 30, 4*l - h*y = -4*y + 101. List the prime factors of l.
5
Suppose 90*h + 2*i = 94*h - 12254, 0 = 5*h - 3*i - 15318. What are the prime factors of h?
3, 1021
Let u(o) be the third derivative of o**4/4 - 23*o**3/6 + 2*o**2. Let w(h) = h**3 + 3*h**2 - 6*h + 4. Let t be w(2). List the prime factors of u(t).
7
Suppose 5*u + 1 = 2*h - 2, 2*h + 2*u + 18 = 0. Suppose 2*q = 5 + 13. What are the prime factors of q*(-2)/h*1?
3
Let b(u) = 4*u + 2. Suppose -2*d - 3*k = -10, 0 = -5*d + 5*k + 22 + 3. Let j be b(d). Let c = -3 + j. List the prime factors of c.
19
Let i(m) = 3*m**2 - 14*m - 24. What are the prime factors of i(-4)?
2, 5
Suppose 0 = 2*w + 3*s - 29, w - s = 4*s - 5. List the prime factors of w.
2, 5
Suppose -2*i + 5*m + 35 + 42 = 0, -m - 148 = -3*i. Let u = i + -15. Suppose -2*x - 2*x + u = 0. What are the prime factors of x?
3
Let h be ((-2)/(-4))/(1/(-12)). Suppose -4*g - 4*p = -44, 0 = g + 4*p - p - 9. Let k = g + h. What are the prime factors of k?
2, 3
Suppose -5*u + 1916 = -2*u - 4*o, -u + 642 = -3*o. What are the prime factors of u?
2, 3, 53
List the prime factors of 4*(-4 + 108 - (-3)/(-2)).
2, 5, 41
Suppose 4*p + 12 = 0, 0*p = -3*g - 3*p + 831. List the prime factors of g.
2, 5, 7
Let r be 1 - (2 - 3)*1. Suppose -n - 4*n = r*g + 20, -4*n - 5*g = 16. Let s = 15 + n. List the prime factors of s.
11
Suppose 0 = -15*p + 14 - 464. Let y = p + 77. List the prime factors of y.
47
Suppose -117*n = -129*n + 25248. List the prime factors of n.
2, 263
Let o(t) = 7*t**2 + 22*t - 124. What are the prime factors of o(-26)?
2, 1009
Suppose -124 = y + 22. Let r = y + 207. Suppose 2*s - 41 = -a, 6*s - r = 2*s + 5*a. List the prime factors of s.
19
Suppose -63 = -2*s - 2*c - c, -4*s + 4*c = -156. Let m = s + 9. What are the prime factors of m?
3, 5
Let s(l) = -l. Let w(i) = -66*i - 18. Let r(u) = 2*s(u) + w(u). List the prime factors of r(-2).
2, 59
Let m(i) = 3*i + 25. Let g be m(-11). Let f be (-2 + 6)*(-38)/g. Suppose -4*x + f = -13. What are the prime factors of x?
2
Let x = -872 - -1423. What are the prime factors of x?
19, 29
Let q(v) = 3*v**3 + 13*v**2 + 7*v - 44. Let y(g) = g**3 - g**2. Let k(z) = q(z) - 2*y(z). List the prime factors of k(-14).
2, 3
Let g(x) = 3*x. Let v be g(2). Let s(b) = -2*b**3 - 10*b**2 - b - 9. Let j be s(-5). Let h = v - j. List the prime factors of h.
2, 5
Suppose 0 = -170*x + 168*x + 88. What are the prime factors of x?
2, 11
Suppose -2*t + 7 - 3 = 0. Suppose -323 = -t*u - 249. List the prime factors of u.
37
Suppose 0 = -5*p + 3*s - 949, -p = -2*p + s - 191. What are the prime factors of (3/2)/((-2)/p*1)?
3, 47
Let x = -139 + 143. Suppose -x*i + i = -618. What are the prime factors of i?
2, 103
Let n(q) = 4 + 5*q + 9 + 6 - 11 - q**2. Let m(z) = z**2 - 4*z - 7. Let t(u) = 7*m(u) + 6*n(u). What are the prime factors of t(5)?
2, 17
Let b = -482 + 855. Suppose 4*z = -5*p + b, -310 - 53 = -4*z + 5*p. List the prime factors of z.
2, 23
Let r(s) be the first derivative of 8*s + 1/3*s**3 - 2*s**2 - 5. What are the prime factors of r(7)?
29
Suppose 0 = 2*b - 4*o - 4, o = -b + 2*o. Let u = b + 9. Suppose w - 27 = -u. What are the prime factors of w?
2, 5
What are the prime factors of 26/((-416)/80) - (-1203 + 0)?
2, 599
Let r(w) = -w**3 + 6*w**2 + 8*w - 4. Let q be r(7). Let u(l) = -7 + 4*l - 6*l - 4*l + l**q + 5*l**2. What are the prime factors of u(-5)?
23
Let f be 5/(20/(-16)) + 1/1. Let n(x) = -2*x**3 + x**2 + 2*x + 7. What are the prime factors of n(f)?
2
Let u = -463 - -1458. List the prime factors of u.
5, 199
Suppose -2*t = 3*n - 230, 4*t - 2*n - 510 = -66. What are the prime factors of t?
2, 7
Let v(f) = -5*f**3 + 6*f**2 + 2*f - 3. Let s be v(-4). Suppose -3*c + s = 2*c. What are the prime factors of c?
3
Let b(d) = 2*d - 5. Let u(z) be the second derivative of -z**3/2 + 5*z**2/2 - 3*z. Let m(k) = -7*b(k) - 6*u(k). List the prime factors of m(3).
17
Let r = -305 - -742. Suppose -r + 1235 = 7*s. What are the prime factors of s?
2, 3, 19
Let l(c) = -c + 8. Let p be l(5). Let o be 3/p*4 - 0. Suppose -6*h + 88 = -o*h. List the prime factors of h.
2, 11
Let d(v) = v + 13. Let n be d(-10). Suppose -n*a + 12 = -0*a. Let k = a - -9. What are the prime factors of k?
13
Let i be (-1 + 0)/(2/34). Let s = 11 + i. List the prime factors of (-25)/10*s/3.
5
Suppose -2*d = -v - d + 3, 15 = -3*v - 5*d. Suppose 302 - 2 = 5*z + 2*r, v = 5*z + 5*r - 315. Suppose 2*i = -0 + z. List the prime factors of i.
29
Suppose -4*p + 15 + 1 = 0. Let c be 22/6 - 4/6. Suppose c*l - 2 = 4*d - 15, d + p*l = 27. What are the prime factors of d?
7
Suppose -23*m + 9006 = 82. List the prime factors of m.
2, 97
Suppose 3*l + 16 = 31, 5*y - 23835 = -3*l. List the prime factors of y.
2, 3, 397
What are the prime factors of ((-41)/5 + 3)/((-10)/1250)?
2, 5, 13
Let r(k) = k**3 + 16*k**2 + 11*k - 1. Suppose i + 2 = -4*x, 0 = 3*i + i - 4*x + 68. List the prime factors of r(i).
3, 79
Let j = -22 - -27. Suppose 3*b - 418 = -0*m - m, -j*m + 20 = 0. Suppose 9 = -3*s + b. What are the prime factors of s?
43
Let a = -46 + 52. Suppose -a*p = -597 - 267. What are the prime factors of p?
2, 3
Let y = -93 - -97. Suppose -116 = -3*s - y*r, -2*s - s = -5*r - 98. What are the prime factors of s?
2, 3
Let j(u) = u**3 - u**2 - u - 5. Let d(z) = -z**3 + z + 6. Let n(y) = -6*d(y) - 7*j(y). Let r be n(5). Suppose -2*x + r = x. List the prime factors of x.
2, 3
Suppose -6*o + 4 = -2. List the prime factors of o/2*(-2 - 2362)/(-6).
197
Let l(a) = -a + 6. Let s = -16 + 23. Let u be l(s). List the prime factors of (42/10)/(u/(-5)).
3, 7
Let i = 88 + -246. Suppose -5*o + 1161 = -5*g + 4*g, 2*o = -g + 470. Let t = o + i. What are the prime factors of t?
3, 5
List the prime factors of 8072/12 + -5 + (-78)/(-18).
2, 3, 7
Let c = 51 + -106. Let g = -33 - c. List the prime factors of g.
2, 11
Let 